
{"id":21626,"date":"2022-07-04T03:33:03","date_gmt":"2022-07-04T01:33:03","guid":{"rendered":"https:\/\/prep-epid.org\/?page_id=21626"},"modified":"2022-07-04T17:33:20","modified_gmt":"2022-07-04T15:33:20","slug":"institutions-membres","status":"publish","type":"page","link":"https:\/\/prep-epid.org\/index.php\/institutions-membres\/","title":{"rendered":"Institutions membres"},"content":{"rendered":"<p>[vc_row][vc_column][vc_row_inner content_width=&#8221;grid&#8221; css=&#8221;.vc_custom_1656947939449{padding-bottom: 48px !important;}&#8221;][vc_column_inner width=&#8221;2\/3&#8243;][vc_column_text]<\/p>\n<h2 style=\"text-align: left;\"><strong>Institut Africain de sant\u00e9 Publique<\/strong><\/h2>\n<p>[\/vc_column_text]<div class=\"edgtf-separator-holder clearfix  edgtf-separator-left\">\n\t<div class=\"edgtf-separator\" style=\"border-color: #ffb422;width: 55px;border-bottom-width: 3px;margin-top: 25px;margin-bottom: 32px\"><\/div>\n<\/div>\n\n<p class=\"edgtf-section-subtitle\" style=\"text-align:left;color:#888888\">\n\tL\u2019IASP a \u00e9t\u00e9 cr\u00e9\u00e9e en 2012 et a jusqu&#039;\u00e0 pr\u00e9sent offert des formations de ma\u00eetrise en sant\u00e9 publique \u00e0 environ 150 \u00e9tudiants du Burkina Faso et de l&#039;\u00e9tranger.<\/p><a itemprop=\"url\" href=\"https:\/\/iasp-bf.org\/\" target=\"_blank\" style=\"margin: 24px 24px 8px 8px\" class=\"edgtf-btn edgtf-btn-medium edgtf-btn-solid edgtf-btn-icon\"  >\n\t<span class=\"edgtf-btn-text\">Visiter le site web<\/span>\n    <i class=\"edgtf-icon-font-awesome fa fa-arrow-circle-right \" ><\/i><\/a>[\/vc_column_inner][vc_column_inner width=&#8221;1\/3&#8243;][vc_empty_space height=&#8221;48 px&#8221;][vc_single_image image=&#8221;21519&#8243; img_size=&#8221;400&#215;400&#8243; alignment=&#8221;center&#8221; style=&#8221;vc_box_shadow_border&#8221;][\/vc_column_inner][\/vc_row_inner][vc_row_inner content_width=&#8221;grid&#8221; css=&#8221;.vc_custom_1656898731918{padding-top: 48px !important;padding-bottom: 48px !important;background-color: #f7f7f7 !important;}&#8221;][vc_column_inner width=&#8221;1\/3&#8243;][vc_single_image image=&#8221;21520&#8243; img_size=&#8221;200&#215;200&#8243; alignment=&#8221;center&#8221; style=&#8221;vc_box_shadow_border&#8221;][\/vc_column_inner][vc_column_inner width=&#8221;2\/3&#8243;][vc_column_text]<\/p>\n<h2 style=\"text-align: left;\"><strong>Groupe de Recherche Action en Sant\u00e9 (GRAS)-Ouagadougou (Burkina Faso)<\/strong><\/h2>\n<p>[\/vc_column_text]<div class=\"edgtf-separator-holder clearfix  edgtf-separator-left\">\n\t<div class=\"edgtf-separator\" style=\"border-color: #ffb422;width: 55px;border-bottom-width: 3px;margin-top: 25px;margin-bottom: 32px\"><\/div>\n<\/div>\n\n<p class=\"edgtf-section-subtitle\" style=\"text-align:left;color:#888888\">\n\tGRAS, un centre de recherche priv\u00e9 \u00e0 but non lucratif, m\u00e8ne des recherches en sant\u00e9 depuis 2008 en mettant l&#039;accent sur la recherche clinique et les \u00e9tudes \u00e9pid\u00e9miologiques.<\/p><a itemprop=\"url\" href=\"https:\/\/gras.bf\/\" target=\"_blank\" style=\"margin: 24px 24px 8px 8px\" class=\"edgtf-btn edgtf-btn-medium edgtf-btn-solid edgtf-btn-icon\"  >\n\t<span class=\"edgtf-btn-text\">Visiter le site web<\/span>\n    <i class=\"edgtf-icon-font-awesome fa fa-arrow-circle-right \" ><\/i><\/a>[\/vc_column_inner][\/vc_row_inner][vc_row_inner content_width=&#8221;grid&#8221; css=&#8221;.vc_custom_1656948315538{padding-top: 48px !important;padding-bottom: 48px !important;}&#8221;][vc_column_inner width=&#8221;2\/3&#8243;][vc_column_text]<\/p>\n<h2><strong>Institut National de Sant\u00e9 Publique (INSP)- Ouagadougou (Burkina Faso)<\/strong><\/h2>\n<p>[\/vc_column_text]<div class=\"edgtf-separator-holder clearfix  edgtf-separator-left\">\n\t<div class=\"edgtf-separator\" style=\"border-color: #ffb422;width: 55px;border-bottom-width: 3px;margin-top: 25px;margin-bottom: 32px\"><\/div>\n<\/div>\n\n<p class=\"edgtf-section-subtitle\" style=\"text-align:left;color:#888888\">\n\tL&#039;INSP est un \u00e9tablissement public de sant\u00e9 du Minist\u00e8re de la Sant\u00e9 du Burkina Faso. Il a \u00e9t\u00e9 cr\u00e9\u00e9 pour r\u00e9pondre au besoin d&#039;un cadre pour guider et coordonner la recherche dans le secteur de la sant\u00e9 en fonction des priorit\u00e9s sanitaires du pays.<\/p><a itemprop=\"url\" href=\"http:\/\/www.insp.gov.bf\/\" target=\"_blank\" style=\"margin: 24px 24px 8px 8px\" class=\"edgtf-btn edgtf-btn-medium edgtf-btn-solid edgtf-btn-icon\"  >\n\t<span class=\"edgtf-btn-text\">Visiter le site web<\/span>\n    <i class=\"edgtf-icon-font-awesome fa fa-arrow-circle-right \" ><\/i><\/a>[\/vc_column_inner][vc_column_inner width=&#8221;1\/3&#8243;][vc_empty_space height=&#8221;48 px&#8221;][vc_single_image image=&#8221;21517&#8243; img_size=&#8221;200&#215;200&#8243; alignment=&#8221;center&#8221; style=&#8221;vc_box_shadow_border&#8221;][\/vc_column_inner][\/vc_row_inner][vc_row_inner content_width=&#8221;grid&#8221; css=&#8221;.vc_custom_1656898731918{padding-top: 48px !important;padding-bottom: 48px !important;background-color: #f7f7f7 !important;}&#8221;][vc_column_inner width=&#8221;1\/3&#8243;][vc_single_image image=&#8221;21524&#8243; img_size=&#8221;200&#215;200&#8243; alignment=&#8221;center&#8221; style=&#8221;vc_box_shadow_border&#8221;][\/vc_column_inner][vc_column_inner width=&#8221;2\/3&#8243;][vc_column_text]<\/p>\n<h2><strong>Institut National de Recherche Biom\u00e9dicale (INRB), DRC<\/strong><\/h2>\n<p>[\/vc_column_text]<div class=\"edgtf-separator-holder clearfix  edgtf-separator-left\">\n\t<div class=\"edgtf-separator\" style=\"border-color: #ffb422;width: 55px;border-bottom-width: 3px;margin-top: 25px;margin-bottom: 32px\"><\/div>\n<\/div>\n\n<p class=\"edgtf-section-subtitle\" style=\"text-align:left;color:#888888\">\n\tL&#039;INRB est un centre collaborateur de l&#039;Organisation mondiale de la sant\u00e9 depuis 2018. L&#039;institut fait office de laboratoire national de sant\u00e9 publique et de recherche pour le minist\u00e8re de la Sant\u00e9 de la RDC et se compose de laboratoires d\u00e9di\u00e9s \u00e0 la virologie, la parasitologie, la bact\u00e9riologie, l&#039;entomologie m\u00e9dicale, la biologie clinique et la pathologie.<\/p><a itemprop=\"url\" href=\"https:\/\/inrb.net\/\" target=\"_blank\" style=\"margin: 24px 24px 8px 8px\" class=\"edgtf-btn edgtf-btn-medium edgtf-btn-solid edgtf-btn-icon\"  >\n\t<span class=\"edgtf-btn-text\">Visiter le site web<\/span>\n    <i class=\"edgtf-icon-font-awesome fa fa-arrow-circle-right \" ><\/i><\/a>[\/vc_column_inner][\/vc_row_inner][vc_row_inner content_width=&#8221;grid&#8221; css=&#8221;.vc_custom_1656948315538{padding-top: 48px !important;padding-bottom: 48px !important;}&#8221;][vc_column_inner width=&#8221;2\/3&#8243;][vc_column_text]<\/p>\n<h2><strong>Centre d&#8217;Excellence Africain pour la Prevention et le contr\u00f4le des maladies transmissibles (CEA-PCMT)<\/strong><\/h2>\n<p>[\/vc_column_text]<div class=\"edgtf-separator-holder clearfix  edgtf-separator-left\">\n\t<div class=\"edgtf-separator\" style=\"border-color: #ffb422;width: 55px;border-bottom-width: 3px;margin-top: 25px;margin-bottom: 32px\"><\/div>\n<\/div>\n\n<p class=\"edgtf-section-subtitle\" style=\"text-align:left;color:#888888\">\n\tLe CEA-PCMT) a \u00e9t\u00e9 cr\u00e9\u00e9 en 2019 dans le cadre des Centres d&#039;Excellence Africains pour les Projets \u00e0 Impact financ\u00e9s par la Banque Mondiale. L&#039;objectif du CEA-PCMT est de mettre en place \u00e0 l&#039;UGANC un programme r\u00e9gional d&#039;excellence en formation et recherche pour am\u00e9liorer durablement la pr\u00e9vention et le contr\u00f4le des maladies transmissibles en Guin\u00e9e et en Afrique de l&#039;Ouest.<\/p><a itemprop=\"url\" href=\"http:\/\/cea-pcmt.org\/\" target=\"_blank\" style=\"margin: 24px 24px 8px 8px\" class=\"edgtf-btn edgtf-btn-medium edgtf-btn-solid edgtf-btn-icon\"  >\n\t<span class=\"edgtf-btn-text\">Visiter le site web<\/span>\n    <i class=\"edgtf-icon-font-awesome fa fa-arrow-circle-right \" ><\/i><\/a>[\/vc_column_inner][vc_column_inner width=&#8221;1\/3&#8243;][vc_empty_space height=&#8221;48 px&#8221;][vc_single_image image=&#8221;21522&#8243; img_size=&#8221;200&#215;200&#8243; alignment=&#8221;center&#8221; style=&#8221;vc_box_shadow_border&#8221;][\/vc_column_inner][\/vc_row_inner][vc_row_inner content_width=&#8221;grid&#8221; css=&#8221;.vc_custom_1656898731918{padding-top: 48px !important;padding-bottom: 48px !important;background-color: #f7f7f7 !important;}&#8221;][vc_column_inner width=&#8221;1\/3&#8243;][vc_single_image image=&#8221;21518&#8243; img_size=&#8221;200&#215;200&#8243; alignment=&#8221;center&#8221; style=&#8221;vc_box_shadow_border&#8221;][\/vc_column_inner][vc_column_inner width=&#8221;2\/3&#8243;][vc_column_text]<\/p>\n<h2><strong>Institut de Recherche en Sciences de la sant\u00e9 (IRSS)<\/strong><\/h2>\n<p>[\/vc_column_text]<div class=\"edgtf-separator-holder clearfix  edgtf-separator-left\">\n\t<div class=\"edgtf-separator\" style=\"border-color: #ffb422;width: 55px;border-bottom-width: 3px;margin-top: 25px;margin-bottom: 32px\"><\/div>\n<\/div>\n\n<p class=\"edgtf-section-subtitle\" style=\"text-align:left;color:#888888\">\n\tL&#039;IRSS est un organisme national de recherche en sant\u00e9 publique implant\u00e9 dans 4 r\u00e9gions (Kaya) du Burkina Faso. L&#039;IRSS compte pr\u00e8s de 165 membres du personnel, dont 20 chercheurs seniors et 60 chercheurs juniors. L&#039;IRSS est le principal organisme de recherche au Burkina Faso.<\/p><a itemprop=\"url\" href=\"http:\/\/www.cnrst.bf\/index.php\/irss\/\" target=\"_blank\" style=\"margin: 24px 24px 8px 8px\" class=\"edgtf-btn edgtf-btn-medium edgtf-btn-solid edgtf-btn-icon\"  >\n\t<span class=\"edgtf-btn-text\">Visiter le site web<\/span>\n    <i class=\"edgtf-icon-font-awesome fa fa-arrow-circle-right \" ><\/i><\/a>[\/vc_column_inner][\/vc_row_inner][\/vc_column][\/vc_row]<\/p>\n","protected":false},"excerpt":{"rendered":"<p>[vc_row][vc_column][vc_row_inner content_width=&#8221;grid&#8221; css=&#8221;.vc_custom_1656947939449{padding-bottom: 48px !important;}&#8221;][vc_column_inner width=&#8221;2\/3&#8243;][vc_column_text] Institut Africain de sant\u00e9 Publique [\/vc_column_text][\/vc_column_inner][vc_column_inner width=&#8221;1\/3&#8243;][vc_empty_space height=&#8221;48 px&#8221;][vc_single_image image=&#8221;21519&#8243; img_size=&#8221;400&#215;400&#8243; alignment=&#8221;center&#8221; style=&#8221;vc_box_shadow_border&#8221;][\/vc_column_inner][\/vc_row_inner][vc_row_inner content_width=&#8221;grid&#8221; css=&#8221;.vc_custom_1656898731918{padding-top: 48px !important;padding-bottom: 48px !important;background-color: #f7f7f7 !important;}&#8221;][vc_column_inner width=&#8221;1\/3&#8243;][vc_single_image image=&#8221;21520&#8243; img_size=&#8221;200&#215;200&#8243; alignment=&#8221;center&#8221; style=&#8221;vc_box_shadow_border&#8221;][\/vc_column_inner][vc_column_inner width=&#8221;2\/3&#8243;][vc_column_text] Groupe de Recherche Action en Sant\u00e9 (GRAS)-Ouagadougou (Burkina Faso) [\/vc_column_text][\/vc_column_inner][\/vc_row_inner][vc_row_inner content_width=&#8221;grid&#8221; css=&#8221;.vc_custom_1656948315538{padding-top: 48px !important;padding-bottom: 48px !important;}&#8221;][vc_column_inner width=&#8221;2\/3&#8243;][vc_column_text] Institut National de Sant\u00e9 Publique&#8230;<\/p>\n","protected":false},"author":1,"featured_media":0,"parent":0,"menu_order":0,"comment_status":"closed","ping_status":"closed","template":"full-width.php","meta":{"om_disable_all_campaigns":false,"_monsterinsights_skip_tracking":false,"_monsterinsights_sitenote_active":false,"_monsterinsights_sitenote_note":"","_monsterinsights_sitenote_category":0},"_links":{"self":[{"href":"https:\/\/prep-epid.org\/index.php\/wp-json\/wp\/v2\/pages\/21626"}],"collection":[{"href":"https:\/\/prep-epid.org\/index.php\/wp-json\/wp\/v2\/pages"}],"about":[{"href":"https:\/\/prep-epid.org\/index.php\/wp-json\/wp\/v2\/types\/page"}],"author":[{"embeddable":true,"href":"https:\/\/prep-epid.org\/index.php\/wp-json\/wp\/v2\/users\/1"}],"replies":[{"embeddable":true,"href":"https:\/\/prep-epid.org\/index.php\/wp-json\/wp\/v2\/comments?post=21626"}],"version-history":[{"count":19,"href":"https:\/\/prep-epid.org\/index.php\/wp-json\/wp\/v2\/pages\/21626\/revisions"}],"predecessor-version":[{"id":21647,"href":"https:\/\/prep-epid.org\/index.php\/wp-json\/wp\/v2\/pages\/21626\/revisions\/21647"}],"wp:attachment":[{"href":"https:\/\/prep-epid.org\/index.php\/wp-json\/wp\/v2\/media?parent=21626"}],"curies":[{"name":"wp","href":"https:\/\/api.w.org\/{rel}","templated":true}]}}