
{"id":21613,"date":"2022-07-04T02:49:35","date_gmt":"2022-07-04T00:49:35","guid":{"rendered":"https:\/\/prep-epid.org\/?page_id=21613"},"modified":"2022-08-14T02:51:22","modified_gmt":"2022-08-14T00:51:22","slug":"mission-vision","status":"publish","type":"page","link":"https:\/\/prep-epid.org\/index.php\/mission-vision\/","title":{"rendered":"Mission &#038; vision"},"content":{"rendered":"<p>[vc_row][vc_column][vc_row_inner content_width=&#8221;grid&#8221; css=&#8221;.vc_custom_1656440093252{margin-right: 48px !important;margin-left: 48px !important;}&#8221;][vc_column_inner][vc_column_text]<\/p>\n<h2 style=\"text-align: center;\">Notre objectif<\/h2>\n<p>[\/vc_column_text]\n<p class=\"edgtf-section-subtitle\" style=\"text-align:center;color:#888888\">\n\tDoter l\u2019Afrique sub-saharienne d\u2019\u00e9pid\u00e9miologistes bien form\u00e9s, capables de prendre en charge efficacement les activit\u00e9s op\u00e9rationnelles et de recherche entrant dans le cadre de la riposte aux \u00e9pid\u00e9mies, pour des syst\u00e8mes de sant\u00e9 r\u00e9silients et r\u00e9solument tourn\u00e9s vers la r\u00e9alisation de l\u2019ODD3.<\/p>[vc_empty_space height=&#8221;24px&#8221;]<div class=\"edgtf-separator-holder clearfix  edgtf-separator-center\">\n\t<div class=\"edgtf-separator\" style=\"border-color: #ffb422;width: 55px;border-bottom-width: 3px;margin-top: 25px;margin-bottom: 32px\"><\/div>\n<\/div>\n[\/vc_column_inner][\/vc_row_inner][vc_row_inner content_width=&#8221;grid&#8221; css=&#8221;.vc_custom_1490777198078{padding-bottom: 70px !important;}&#8221;][vc_column_inner offset=&#8221;vc_col-lg-4 vc_col-md-4 vc_col-xs-12&#8243;][vc_single_image image=&#8221;21366&#8243; img_size=&#8221;1920&#215;1280&#8243;][vc_empty_space height=&#8221;25px&#8221;][vc_column_text]<\/p>\n<h3><strong>Formation et recherche<\/strong><\/h3>\n<p>[\/vc_column_text][vc_empty_space height=&#8221;18px&#8221;][vc_column_text]Mutualisation des ressources disponibles pour \u00e9quiper les apprenants de connaissances th\u00e9oriques et comp\u00e9tences pratiques.[\/vc_column_text][vc_empty_space][\/vc_column_inner][vc_column_inner offset=&#8221;vc_col-lg-4 vc_col-md-4 vc_col-xs-12&#8243;][vc_single_image image=&#8221;21389&#8243; img_size=&#8221;1920&#215;1280&#8243;][vc_empty_space height=&#8221;25px&#8221;][vc_column_text]<\/p>\n<h3><strong>Plaidoyer et communication<\/strong><\/h3>\n<p>[\/vc_column_text][vc_empty_space height=&#8221;18px&#8221;][vc_column_text]Engagement des parties prenantes pour susciter des financements domestiques pour la formation en \u00e9pid\u00e9miologie.[\/vc_column_text][vc_empty_space][\/vc_column_inner][vc_column_inner offset=&#8221;vc_col-lg-4 vc_col-md-4 vc_col-xs-12&#8243;][vc_single_image image=&#8221;21365&#8243; img_size=&#8221;1920&#215;1280&#8243;][vc_empty_space height=&#8221;25px&#8221;][vc_column_text]<\/p>\n<h3><strong>R\u00e9seautage et renforcement de capacit\u00e9s<\/strong><\/h3>\n<p>[\/vc_column_text][vc_empty_space height=&#8221;18px&#8221;][vc_column_text]R\u00e9seautage \u00e0 l\u2019int\u00e9rieur et \u00e0 l\u2019ext\u00e9rieur du consortium.[\/vc_column_text][vc_empty_space][\/vc_column_inner][\/vc_row_inner][\/vc_column][\/vc_row]<\/p>\n","protected":false},"excerpt":{"rendered":"<p>[vc_row][vc_column][vc_row_inner content_width=&#8221;grid&#8221; css=&#8221;.vc_custom_1656440093252{margin-right: 48px !important;margin-left: 48px !important;}&#8221;][vc_column_inner][vc_column_text] Notre objectif [\/vc_column_text][vc_empty_space height=&#8221;24px&#8221;][\/vc_column_inner][\/vc_row_inner][vc_row_inner content_width=&#8221;grid&#8221; css=&#8221;.vc_custom_1490777198078{padding-bottom: 70px !important;}&#8221;][vc_column_inner offset=&#8221;vc_col-lg-4 vc_col-md-4 vc_col-xs-12&#8243;][vc_single_image image=&#8221;21366&#8243; img_size=&#8221;1920&#215;1280&#8243;][vc_empty_space height=&#8221;25px&#8221;][vc_column_text] Formation et recherche [\/vc_column_text][vc_empty_space height=&#8221;18px&#8221;][vc_column_text]Mutualisation des ressources disponibles pour \u00e9quiper les apprenants de connaissances th\u00e9oriques et comp\u00e9tences pratiques.[\/vc_column_text][vc_empty_space][\/vc_column_inner][vc_column_inner offset=&#8221;vc_col-lg-4 vc_col-md-4 vc_col-xs-12&#8243;][vc_single_image image=&#8221;21389&#8243; img_size=&#8221;1920&#215;1280&#8243;][vc_empty_space height=&#8221;25px&#8221;][vc_column_text] Plaidoyer et communication [\/vc_column_text][vc_empty_space height=&#8221;18px&#8221;][vc_column_text]Engagement des parties prenantes pour susciter&#8230;<\/p>\n","protected":false},"author":1,"featured_media":0,"parent":0,"menu_order":0,"comment_status":"closed","ping_status":"closed","template":"full-width.php","meta":{"om_disable_all_campaigns":false,"_monsterinsights_skip_tracking":false,"_monsterinsights_sitenote_active":false,"_monsterinsights_sitenote_note":"","_monsterinsights_sitenote_category":0},"_links":{"self":[{"href":"https:\/\/prep-epid.org\/index.php\/wp-json\/wp\/v2\/pages\/21613"}],"collection":[{"href":"https:\/\/prep-epid.org\/index.php\/wp-json\/wp\/v2\/pages"}],"about":[{"href":"https:\/\/prep-epid.org\/index.php\/wp-json\/wp\/v2\/types\/page"}],"author":[{"embeddable":true,"href":"https:\/\/prep-epid.org\/index.php\/wp-json\/wp\/v2\/users\/1"}],"replies":[{"embeddable":true,"href":"https:\/\/prep-epid.org\/index.php\/wp-json\/wp\/v2\/comments?post=21613"}],"version-history":[{"count":8,"href":"https:\/\/prep-epid.org\/index.php\/wp-json\/wp\/v2\/pages\/21613\/revisions"}],"predecessor-version":[{"id":21715,"href":"https:\/\/prep-epid.org\/index.php\/wp-json\/wp\/v2\/pages\/21613\/revisions\/21715"}],"wp:attachment":[{"href":"https:\/\/prep-epid.org\/index.php\/wp-json\/wp\/v2\/media?parent=21613"}],"curies":[{"name":"wp","href":"https:\/\/api.w.org\/{rel}","templated":true}]}}