
{"id":21602,"date":"2022-07-04T02:07:15","date_gmt":"2022-07-04T00:07:15","guid":{"rendered":"https:\/\/prep-epid.org\/?page_id=21602"},"modified":"2022-08-14T02:39:10","modified_gmt":"2022-08-14T00:39:10","slug":"qui-nous-sommes","status":"publish","type":"page","link":"https:\/\/prep-epid.org\/index.php\/qui-nous-sommes\/","title":{"rendered":"Qui nous sommes"},"content":{"rendered":"<p>[vc_row css=&#8221;.vc_custom_1656439419251{padding-top: 48px !important;padding-bottom: 48px !important;}&#8221;][vc_column][vc_row_inner content_width=&#8221;grid&#8221;][vc_column_inner width=&#8221;1\/2&#8243;][vc_empty_space height=&#8221;48 px&#8221;][vc_column_text]<\/p>\n<h2 style=\"text-align: center;\">Qui nous sommes<\/h2>\n<p>[\/vc_column_text]<div class=\"edgtf-separator-holder clearfix  edgtf-separator-center\">\n\t<div class=\"edgtf-separator\" style=\"border-color: #ffb422;width: 55px;border-bottom-width: 3px;margin-top: 25px;margin-bottom: 32px\"><\/div>\n<\/div>\n[vc_empty_space height=&#8221;14px&#8221;]\n<p class=\"edgtf-section-subtitle\" style=\"text-align:left;color:#888888\">\n\tEn 2020 un consortium de six institutions (IASP, IRSS, GRAS, INSP, INRB, CEA-PCMT) provenant de trois pays (Burkina Faso, Guin\u00e9e, R\u00e9publique D\u00e9mocratique du Congo), avec pour la plupart une tradition de collaboration dans le domaine de l\u2019enseignement et la recherche en Afrique, ont soumis un projet d\u00e9nomm\u00e9 PREP-EPID en r\u00e9ponse \u00e0 un appel comp\u00e9titif lanc\u00e9 par EDCTP en collaboration avec Africa-CDC. De la s\u00e9lection pour financement de ce projet naquit le consortium PREP-EPID. PREP-EPID vise \u00e0 former des \u00e9pid\u00e9miologistes comp\u00e9tents et adapt\u00e9s au contexte Africain, capables de porter la r\u00e9ponse Africaine aux \u00e9pid\u00e9mies d\u2019aujourd\u2019hui et de demain. Dans un premier temps le projet vise \u00e0 renforcer un programme de formation en Master d\u00e9j\u00e0 existant au sein de l\u2019IASP et dans un second temps, gr\u00e2ce au plaidoyer aupr\u00e8s des autorit\u00e9s nationales et d\u2019autres partenaires, susciter un int\u00e9r\u00eat suffisant pour la formation en \u00e9pid\u00e9miologie et ainsi lever des fonds pour la r\u00e9plication de l\u2019exp\u00e9rience au sein des autres institutions.<\/p>[\/vc_column_inner][vc_column_inner width=&#8221;1\/2&#8243;][vc_empty_space height=&#8221;48px&#8221;][vc_single_image image=&#8221;21475&#8243; img_size=&#8221;large&#8221; alignment=&#8221;center&#8221; style=&#8221;vc_box_shadow_border&#8221;][\/vc_column_inner][\/vc_row_inner][\/vc_column][\/vc_row][vc_row content_width=&#8221;grid&#8221; css=&#8221;.vc_custom_1656894989313{padding-top: 95px !important;padding-bottom: 110px !important;background-color: #f9f9f9 !important;}&#8221;][vc_column][vc_column_text]<\/p>\n<h2 style=\"text-align: center;\">Institutions membres<\/h2>\n<p>[\/vc_column_text][vc_empty_space height=&#8221;14px&#8221;]\n<p class=\"edgtf-section-subtitle\" style=\"text-align:center;color:#888888\">\n\tD\u00e9couvrez l&#039;ensemble des membres du consortium PREP-EPID<\/p><div class=\"edgtf-separator-holder clearfix  edgtf-separator-center\">\n\t<div class=\"edgtf-separator\" style=\"border-color: #ffb422;width: 55px;border-bottom-width: 3px;margin-top: 25px;margin-bottom: 75px\"><\/div>\n<\/div>\n<div id=\"ult-carousel-138968312469ff2302d4a53\" class=\"ult-carousel-wrapper   ult_horizontal\" data-gutter=\"15\" data-rtl=\"false\" ><div class=\"ult-carousel-59792899869ff2302d4976 \" >[vc_single_image image=&#8221;21519&#8243; img_size=&#8221;200&#215;200&#8243; alignment=&#8221;center&#8221; onclick=&#8221;custom_link&#8221; img_link_target=&#8221;_blank&#8221; link=&#8221;https:\/\/iasp-bf.org\/&#8221;][vc_single_image image=&#8221;21520&#8243; img_size=&#8221;200&#215;200&#8243; alignment=&#8221;center&#8221; onclick=&#8221;custom_link&#8221; img_link_target=&#8221;_blank&#8221; link=&#8221;https:\/\/gras.bf\/&#8221;][vc_single_image image=&#8221;21522&#8243; img_size=&#8221;200&#215;200&#8243; alignment=&#8221;center&#8221; onclick=&#8221;custom_link&#8221; img_link_target=&#8221;_blank&#8221; link=&#8221;http:\/\/cea-pcmt.org\/&#8221;][vc_single_image image=&#8221;21524&#8243; img_size=&#8221;200&#215;200&#8243; alignment=&#8221;center&#8221; onclick=&#8221;custom_link&#8221; img_link_target=&#8221;_blank&#8221; link=&#8221;https:\/\/inrb.net\/&#8221;][vc_single_image image=&#8221;21517&#8243; img_size=&#8221;200&#215;200&#8243; alignment=&#8221;center&#8221; onclick=&#8221;custom_link&#8221; img_link_target=&#8221;_blank&#8221; link=&#8221;http:\/\/www.insp.gov.bf\/&#8221;][vc_single_image image=&#8221;21523&#8243; img_size=&#8221;200&#215;200&#8243; alignment=&#8221;center&#8221; onclick=&#8221;custom_link&#8221; img_link_target=&#8221;_blank&#8221; link=&#8221;https:\/\/www.edctp.org\/&#8221;][vc_single_image image=&#8221;21518&#8243; img_size=&#8221;200&#215;200&#8243; alignment=&#8221;center&#8221; onclick=&#8221;custom_link&#8221; img_link_target=&#8221;_blank&#8221; link=&#8221;http:\/\/www.cnrst.bf\/index.php\/irss\/&#8221;][vc_single_image image=&#8221;21521&#8243; img_size=&#8221;200&#215;200&#8243; alignment=&#8221;center&#8221; onclick=&#8221;custom_link&#8221; img_link_target=&#8221;_blank&#8221; link=&#8221;https:\/\/africacdc.org\/&#8221;]<\/div><\/div>\t\t\t<script type=\"text\/javascript\">\n\t\t\t\tjQuery(document).ready(function ($) {\n\t\t\t\t\tif( typeof jQuery('.ult-carousel-59792899869ff2302d4976').slick == \"function\"){\n\t\t\t\t\t\t$('.ult-carousel-59792899869ff2302d4976').slick({dots: true,autoplay: true,autoplaySpeed: 5000,speed: 300,infinite: true,arrows: true,nextArrow: '<button type=\"button\" role=\"button\" aria-label=\"Next\" style=\"color:#333333; font-size:20px;\" class=\"slick-next default\"><i class=\"ultsl-arrow-right4\"><\/i><\/button>',prevArrow: '<button type=\"button\" role=\"button\" aria-label=\"Previous\" style=\"color:#333333; font-size:20px;\" class=\"slick-prev default\"><i class=\"ultsl-arrow-left4\"><\/i><\/button>',slidesToScroll:5,slidesToShow:5,swipe: true,draggable: true,touchMove: true,pauseOnHover: true,pauseOnFocus: false,responsive: [\n\t\t\t\t\t\t\t{\n\t\t\t\t\t\t\t  breakpoint: 1026,\n\t\t\t\t\t\t\t  settings: {\n\t\t\t\t\t\t\t\tslidesToShow: 5,\n\t\t\t\t\t\t\t\tslidesToScroll: 5,  \n\t\t\t\t\t\t\t  }\n\t\t\t\t\t\t\t},\n\t\t\t\t\t\t\t{\n\t\t\t\t\t\t\t  breakpoint: 1025,\n\t\t\t\t\t\t\t  settings: {\n\t\t\t\t\t\t\t\tslidesToShow: 3,\n\t\t\t\t\t\t\t\tslidesToScroll: 3\n\t\t\t\t\t\t\t  }\n\t\t\t\t\t\t\t},\n\t\t\t\t\t\t\t{\n\t\t\t\t\t\t\t  breakpoint: 760,\n\t\t\t\t\t\t\t  settings: {\n\t\t\t\t\t\t\t\tslidesToShow: 2,\n\t\t\t\t\t\t\t\tslidesToScroll: 2\n\t\t\t\t\t\t\t  }\n\t\t\t\t\t\t\t}\n\t\t\t\t\t\t],pauseOnDotsHover: true,customPaging: function(slider, i) {\n                   return '<i type=\"button\" style= \"color:#333333;\" class=\"ultsl-record\" data-role=\"none\"><\/i>';\n                },});\n\t\t\t\t\t}\n\t\t\t\t});\n\t\t\t<\/script>\n\t\t\t[\/vc_column][\/vc_row][vc_row content_width=&#8221;grid&#8221; css=&#8221;.vc_custom_1656894636184{padding-top: 48px !important;padding-bottom: 48px !important;background-color: #9fcf5d !important;}&#8221;][vc_column width=&#8221;2\/3&#8243; css=&#8221;.vc_custom_1492609383973{padding-top: 2px !important;}&#8221;][vc_empty_space height=&#8221;16px&#8221;]<div id=\"uvc-type-wrap-2161\"  data-ultimate-target='#uvc-type-wrap-2161'  data-responsive-json-new='{\"font-size\":\"desktop:36px;\",\"line-height\":\"\"}'  class=\"uvc-type-wrap  ult-adjust-bottom-margin ult-responsive  uvc-type-align-center uvc-type-no-prefix uvc-wrap-361338867369ff2302d4ae9\" style=\"font-weight:bold;text-align:center;\"><span id=\"typed-361338867369ff2302d4ae9\" class=\"ultimate-typed-main \" style=\"color:#ffffff; text-transform: unset;\"><\/span><script type=\"text\/javascript\"> \n\t\t\t\t\t\tjQuery(function($){ \n\t\t\t\t\t\t\t$(document).ready(function(){\n\t\t\t\t\t\t\t\tif( typeof jQuery(\"#typed-361338867369ff2302d4ae9\").typed == \"function\"){\n\t\t\t\t\t\t\t\t\t$(\"#typed-361338867369ff2302d4ae9\").typed({\n\t\t\t\t\t\t\t\t\t\tstrings: [\"Faites connaissance avec nos \u00e9tudiants\"],\n\t\t\t\t\t\t\t\t\t\ttypeSpeed: 0,\n\t\t\t\t\t\t\t\t\t\tbackSpeed: 0,\n\t\t\t\t\t\t\t\t\t\tstartDelay: 0,\n\t\t\t\t\t\t\t\t\t\tbackDelay: 0,\n\t\t\t\t\t\t\t\t\t\tloop: false,\n\t\t\t\t\t\t\t\t\t\tloopCount: false,\n\t\t\t\t\t\t\t\t\t\tshowCursor: false,\n\t\t\t\t\t\t\t\t\t\tcursorChar: \"|\",\n\t\t\t\t\t\t\t\t\t\tattr: null\n\t\t\t\t\t\t\t\t\t});\n\t\t\t\t\t\t\t\t}\n\t\t\t\t\t\t\t});\n\t\t\t\t\t\t});\n\t\t\t\t\t<\/script><\/div>[\/vc_column][vc_column width=&#8221;1\/3&#8243;]<a itemprop=\"url\" href=\"https:\/\/prep-epid.org\/index.php\/liste-des-etudiants\/\" target=\"_self\"  class=\"edgtf-btn edgtf-btn-large edgtf-btn-solid\"  >\n\t<span class=\"edgtf-btn-text\">Voir la liste des \u00e9tudiants<\/span>\n    <\/a>[\/vc_column][\/vc_row]<\/p>\n","protected":false},"excerpt":{"rendered":"<p>[vc_row css=&#8221;.vc_custom_1656439419251{padding-top: 48px !important;padding-bottom: 48px !important;}&#8221;][vc_column][vc_row_inner content_width=&#8221;grid&#8221;][vc_column_inner width=&#8221;1\/2&#8243;][vc_empty_space height=&#8221;48 px&#8221;][vc_column_text] Qui nous sommes [\/vc_column_text][vc_empty_space height=&#8221;14px&#8221;][\/vc_column_inner][vc_column_inner width=&#8221;1\/2&#8243;][vc_empty_space height=&#8221;48px&#8221;][vc_single_image image=&#8221;21475&#8243; img_size=&#8221;large&#8221; alignment=&#8221;center&#8221; style=&#8221;vc_box_shadow_border&#8221;][\/vc_column_inner][\/vc_row_inner][\/vc_column][\/vc_row][vc_row content_width=&#8221;grid&#8221; css=&#8221;.vc_custom_1656894989313{padding-top: 95px !important;padding-bottom: 110px !important;background-color: #f9f9f9 !important;}&#8221;][vc_column][vc_column_text] Institutions membres [\/vc_column_text][vc_empty_space height=&#8221;14px&#8221;][\/vc_column][\/vc_row][vc_row content_width=&#8221;grid&#8221; css=&#8221;.vc_custom_1656894636184{padding-top: 48px !important;padding-bottom: 48px !important;background-color: #9fcf5d !important;}&#8221;][vc_column width=&#8221;2\/3&#8243; css=&#8221;.vc_custom_1492609383973{padding-top: 2px !important;}&#8221;][vc_empty_space height=&#8221;16px&#8221;][\/vc_column][vc_column width=&#8221;1\/3&#8243;][\/vc_column][\/vc_row]<\/p>\n","protected":false},"author":1,"featured_media":0,"parent":0,"menu_order":0,"comment_status":"closed","ping_status":"closed","template":"full-width.php","meta":{"om_disable_all_campaigns":false,"_monsterinsights_skip_tracking":false,"_monsterinsights_sitenote_active":false,"_monsterinsights_sitenote_note":"","_monsterinsights_sitenote_category":0},"_links":{"self":[{"href":"https:\/\/prep-epid.org\/index.php\/wp-json\/wp\/v2\/pages\/21602"}],"collection":[{"href":"https:\/\/prep-epid.org\/index.php\/wp-json\/wp\/v2\/pages"}],"about":[{"href":"https:\/\/prep-epid.org\/index.php\/wp-json\/wp\/v2\/types\/page"}],"author":[{"embeddable":true,"href":"https:\/\/prep-epid.org\/index.php\/wp-json\/wp\/v2\/users\/1"}],"replies":[{"embeddable":true,"href":"https:\/\/prep-epid.org\/index.php\/wp-json\/wp\/v2\/comments?post=21602"}],"version-history":[{"count":13,"href":"https:\/\/prep-epid.org\/index.php\/wp-json\/wp\/v2\/pages\/21602\/revisions"}],"predecessor-version":[{"id":21712,"href":"https:\/\/prep-epid.org\/index.php\/wp-json\/wp\/v2\/pages\/21602\/revisions\/21712"}],"wp:attachment":[{"href":"https:\/\/prep-epid.org\/index.php\/wp-json\/wp\/v2\/media?parent=21602"}],"curies":[{"name":"wp","href":"https:\/\/api.w.org\/{rel}","templated":true}]}}